).
-973
Let r(j) = -2*j**2 + 1673*j - 304609. What is r(268)?
107
Let w(n) = -2*n**2 - 25933*n + 1694111. Give w(65).
16
Let t(k) = 4*k**2 - 1066*k - 22909. What is t(-20)?
11
Let c(f) = -5819*f - 157103. Calculate c(-27).
10
Let n(y) = -2*y**3 - 231*y**2 - 1302*y - 10060. Determine n(-110).
60
Let z(w) = -90*w**3 - 9528*w**2 + 1273*w + 18. Give z(-106).
-88
Let u(n) = -1338*n + 46760. Give u(35).
-70
Let v(u) = u**2 + 182*u + 1511. Give v(-174).
119
Let h(l) = 3*l**2 + 189*l + 2670. What is h(-42)?
24
Let x(k) = -202564*k + 16407690. Calculate x(81).
6
Let m(b) = -5160*b + 41378. What is m(8)?
98
Let c(y) = 8049*y + 3219597. Determine c(-400).
-3
Let j(p) = -p**2 + 1098*p + 12231. Calculate j(-11).
32
Let z(o) = o**3 + 48*o**2 - 259*o - 183. Calculate z(-53).
-501
Let x(z) = z**3 + 74*z**2 + 81*z + 5986. Determine x(-74).
-8
Let x(s) = -1463*s + 1344489. Calculate x(919).
-8
Let i(k) = 67*k**2 - 782*k + 127. Calculate i(12).
391
Let s(d) = -2*d**3 + 56*d**2 - 113*d + 1628. Determine s(27).
35
Let t(h) = 9*h**2 - 1045*h + 25798. Calculate t(35).
248
Let m(r) = -r**2 + 218*r - 7674. Give m(47).
363
Let r(z) = -4*z**2 + 6002*z - 2059218. Give r(531).
0
Let k(t) = -t**3 + 126*t**2 + 893*t - 81489. What is k(128)?
47
Let w(f) = -16*f**3 - 1601*f**2 + 214*f + 31405. Give w(-100).
5
Let q(o) = 16*o**3 - 16705*o**2 + 1063*o - 19850. Determine q(1044).
-14
Let b(u) = u**3 + 577*u**2 + 17436*u - 2180. Give b(-545).
0
Let g(w) = 35*w**3 - 2135*w**2 + 56*w - 3343. Determine g(61).
73
Let d(h) = 4*h**3 - 131*h**2 - 80*h + 22. Give d(34).
3082
Let x(o) = o**2 - 11745*o - 571. What is x(0)?
-571
Let u(w) = 270*w + 22407. Give u(-84).
-273
Let g(y) = -y**2 - 112*y + 2680. What is g(-136)?
-584
Let d(i) = 15*i**2 - 38914*i - 38914. Calculate d(-1).
15
Let p(f) = -f**3 + 19*f**2 + 17211*f + 1416. Calculate p(-122).
318
Let x(p) = 125818*p - 1761442. Calculate x(14).
10
Let t(r) = -r**3 + 53*r**2 + 435*r - 26891. Determine t(51).
496
Let y(n) = n**3 - 256*n**2 + 8108*n - 186. Calculate y(37).
-1
Let i(a) = 1711*a - 3388. Give i(2).
34
Let j(s) = -s**3 + 22*s**2 + 207*s - 4157. What is j(23)?
75
Let t(j) = 104413*j - 3341248. What is t(32)?
-32
Let v(r) = -r**2 - 252*r + 20182. Determine v(64).
-42
Let h(j) = -1340*j + 232570. Calculate h(173).
750
Let g(j) = -445*j - 50648. Give g(-116).
972
Let n(o) = -o**3 + 46*o**2 - 5*o - 1750. What is n(45)?
50
Let w(h) = -h**2 - 3498*h + 1927325. What is w(484)?
37
Let f(z) = -184453*z - 2028977. What is f(-11)?
6
Let w(s) = -63*s - 7547. Calculate w(-138).
1147
Let a(z) = -189*z + 30545. What is a(156)?
1061
Let g(t) = 75914*t + 75934. What is g(-1)?
20
Let f(q) = 95*q + 11750. What is f(-123)?
65
Let v(y) = -2620*y + 2803387. Determine v(1070).
-13
Let u(l) = -l**3 - 115*l - 1919. Give u(-16).
4017
Let t(k) = k**3 + 356*k**2 + 26500*k - 78. What is t(-250)?
-78
Let t(q) = -36*q**3 + 7417*q**2 - 204*q - 410. Calculate t(206).
2
Let m(u) = 3*u**2 - 1118*u + 66065. Give m(299).
-14
Let w(n) = -34816*n + 487386. What is w(14)?
-38
Let l(f) = -33*f**3 - 2405*f**2 + 350*f + 4162. Determine l(-73).
-72
Let y(v) = 7886*v - 7855. Calculate y(1).
31
Let x(y) = -3*y**2 - 4711*y + 203146. Determine x(42).
-8
Let m(k) = 2*k**2 - 154*k + 1252. Give m(67).
-88
Let r(p) = -p**3 + 49*p**2 - 299*p - 62. Determine r(7).
-97
Let b(x) = 378*x**2 - 816*x - 13536. Determine b(-5).
-6
Let z(p) = 660*p + 95533. Determine z(-145).
-167
Let j(r) = -93*r**2 - 43*r - 86. Calculate j(-4).
-1402
Let o(m) = 7*m**3 + 251*m**2 - 465*m + 3990. Calculate o(-38).
0
Let f(k) = 4054*k - 28659. Give f(7).
-281
Let u(h) = 4691*h + 13495. Determine u(-3).
-578
Let j(w) = w**3 + 13*w**2 + 44*w - 481. What is j(-14)?
-1293
Let b(r) = 5*r**2 + 726*r - 8138. What is b(11)?
453
Let z(u) = 33*u - 2569. What is z(49)?
-952
Let a(d) = -6*d**3 - 4*d**2 - 1148*d + 5047. What is a(4)?
7
Let d(k) = -131069*k - 393203. Determine d(-3).
4
Let i(o) = 14244*o - 5783066. Calculate i(406).
-2
Let x(a) = -3*a**3 - 191*a**2 - 2070*a - 6746. Calculate x(-51).
-14
Let z(w) = -w**2 + 208*w - 2896. What is z(15)?
-1
Let k(b) = 116*b**3 + 7*b**2 - 653*b - 660. Give k(-1).
-116
Let d(y) = -3776*y + 260214. What is d(69)?
-330
Let n(z) = 177*z - 2484. Determine n(7).
-1245
Let r(h) = h**3 - 55*h**2 + 159*h - 295. What is r(52)?
-139
Let b(u) = 3104*u - 12384. Give b(4).
32
Let r(o) = -351*o + 150850. Give r(430).
-80
Let k(f) = 25*f**2 - 2104*f + 29. Determine k(84).
-307
Let d(j) = 3996*j - 491500. Determine d(123).
8
Let w(v) = -2*v**2 - 411*v + 5136. Calculate w(-216).
600
Let j(d) = 2346*d - 389429. Give j(166).
7
Let d(p) = -17090*p + 1777348. Determine d(104).
-12
Let t(z) = 951*z + 8660. Determine t(-13).
-3703
Let t(f) = -f**2 - 2803*f + 56404. Determine t(20).
-56
Let f(w) = 1236*w + 28509. Determine f(-23).
81
Let g(b) = -3*b**3 - 42*b**2 + 382*b + 5500. What is g(-15)?
445
Let w(c) = c**2 + 380*c + 31724. Give w(-253).
-407
Let a(k) = 78106*k + 18276807. Calculate a(-234).
3
Let l(m) = m**3 + 98*m**2 + 299*m + 274. What is l(-95)?
-1056
Let b(q) = 3*q**2 - 461*q + 4448. What is b(10)?
138
Let w(c) = -32*c**3 + 617*c**2 - 167*c + 1. Give w(19).
77
Let j(g) = 1401*g - 99514. Determine j(71).
-43
Let r(y) = 4*y**3 + 78*y**2 - 57*y - 350. What is r(-20)?
-10
Let g(v) = 77*v - 6155. Calculate g(104).
1853
Let s(q) = q**3 - 28*q**2 + 127*q - 84. Give s(22).
-194
Let w(b) = -2*b**3 + 38*b**2 - 195*b + 26. Give w(16).
-1558
Let b(k) = 52335*k - 4814708. Determine b(92).
112
Let u(y) = 2327*y - 9006. What is u(4)?
302
Let c(r) = 17493*r - 9883537. Determine c(565).
8
Let q(n) = 86*n**2 + 112772*n + 34086. Determine q(-1311).
0
Let z(y) = -17950*y - 1256779. Determine z(-70).
-279
Let k(g) = 7629*g + 53401. Give k(-7).
-2
Let t(x) = -66*x - 4928. Determine t(-70).
-308
Let g(d) = 11*d**2 - 38999*d + 156014. Give g(4).
194
Let u(g) = g**3 + 27*g**2 + 6729*g + 167014. Determine u(-25).
39
Let l(i) = -i**2 - 228*i - 10425. Give l(-71).
722
Let o(t) = -t**3 + 6*t**2 + 321*t + 1605. What is o(-7)?
-5
Let j(k) = 3*k**2 - 212*k - 2432. Calculate j(-13).
831
Let u(w) = -1111*w + 124419. Give u(112).
-13
Let m(j) = 3067*j + 33761. Determine m(-11).
24
Let d(r) = -382*r**3 + 152*r**2 + 125*r - 26. What is d(-1)?
383
Let s(f) = -f**3 - 5*f**2 + 219*f + 1642. Determine s(-12).
22
Let v(r) = -r**2 - 107*r + 58103. What is v(193)?
203
Let o(y) = -2*y**2 - 8397*y + 58843. Give o(7).
-34
Let u(s) = s**3 - 49*s**2 + 298*s - 9605. Give u(47).
-17
Let j(f) = -f**2 + 1425*f - 62115. What is j(45)?
-15
Let j(q) = q**3 + 69*q**2 + 107*q + 7383. Determine j(-69).
0
Let f(p) = -2*p**3 - 5*p**2 + 32933*p - 197566. Determine f(6).
-580
Let i(q) = -359*q + 2144. Calculate i(6).
-10
Let w(b) = -b**3 + 40*b**2 + 508*b - 19102. Determine w(41).
45
Let v(m) = 911*m - 47167. Determine v(52).
205
Let v(k) = -k**3 + 30*k**2 - 1532*k - 10487. Determine v(-6).
1
Let b(v) = 87*v**2 - 446*v - 135. Calculate b(-6).
5673
Let n(p) = 851*p - 137159. Determine n(160).
-999
Let c(l) = -l**2 - 15619*l - 2687434. What is c(-174)?
-4
Let k(c) = 3389*c + 50865. Give k(-15).
30
Let h(y) = 2539*y + 12898. Give h(-5).
203
Let d(n) = 9234*n + 64676. Determine d(-7).
38
Let j(m) = -3*m**2 - 365*m + 534. Calculate j(-123).
42
Let q(v) = -v**3 + 66*v**2 + 160*v - 1445. Determine q(68).
187
Let l(v) = v**2 + 1300*v - 57759. Determine l(43).
-10
Let n(g) = -7*g**3 + 705*g**2 - 771*g + 27095. Calculate n(100).
-5
Let k(f) = 29*f**2 - 14799*f - 10178. Determine k(511).
42
Let f(c) = -7136*c - 3717864. Determine f(-521).
-8
Let v(y) = 4*y**3 + 78*y**2 + 168*y + 156. Calculate v(-17).
190
Let r(j) = 3535*j - 52991. Calculate r(15).
34
Let j(c) = 16*c**2 + 1530*c - 3773. What is j(-98)?
-49
Let c(z) = -z**2 + 4265*z + 25632. What is c(-6)?
6
Let k(c) = 8*c**2 + 480*c - 11999. Calculate k(19).
9
Let a(k) = 21941*k - 43888. Give a(2).
-6
Let b(x) = -4*x**3 - 31*x**2 + 346*x - 121. What is b(-14)?
-65
Let x(b) = b**3 - 66*b**2 - 581*b - 898. Give x(74).
-84
Let s(g) = 2*g**2 - 36157*g - 651477. Calculate s(-18).
-3
Let k(q) = 61*q**2 - 724*q + 2893. What is k(4)?
973
Let t(d) = -421*d - 4325. Give t(-11).
306
Let l(d) = -3*d**3 - 201*d**2 - 1102*d - 256. Give l(-61).
-12
Let r(h) = 7*h**3 - 17*h**2 - 62*h + 11. What is r(-5)?
-979
Let a(r) = 195